*a + 4 + 2 = y, 3*a + 2*y = 5. Let o(m) = -m. Let t(z) be the second derivative of -z**3/3 - z**2 + 13*z. Let x(f) = a*t(f) - 3*o(f). Give x(0).
-2
Let f(i) = -i**2 + 19*i + 840. Let p be f(-21). Let g(l) be the second derivative of -3*l + p*l**2 - 5 - 4/3*l**3. Give g(-3).
24
Let d be (4 + 116/(-8))*31/((-1116)/24). Let t(n) = -n**3 + 5*n**2 + 3*n + 4. Calculate t(d).
-73
Suppose -8 = -5*t + 7*j - 3*j, -38 = 5*t + 19*j. Let c(b) = b**3 + b**2 - b - 102. Determine c(t).
-102
Suppose 3*v = -10 - 5. Let h = 153 + -151. Let m(f) = -f**h + 23 - f - 20 + 7*f + 2*f**2. What is m(v)?
-2
Suppose 14 = -16*v + 18*v. Let g(f) = 5 - 2*f - 6*f + v*f + 1. Suppose 5*w = 46 + 14. Determine g(w).
-6
Let n(g) = 10*g**2 + 7*g + 3. Let l(m) = m**3 + 5*m**2 - 5*m - 18. Let q be l(-5). Let z(o) = -7*o**2 - 5*o - 2. Let y(r) = q*z(r) + 5*n(r). Give y(-2).
5
Let k(z) = 11*z + 3. Let u(s) = 36*s + 1. Let a(q) = 151*q + 3. Let o(l) = -6*a(l) + 26*u(l). Let p(x) = 11*k(x) - 4*o(x). Calculate p(-5).
-4
Suppose 78*b - 142*b - 640 = 0. Let y(l) = l**2 + 10*l + 4. Calculate y(b).
4
Let x(k) = k + 16*k - 19*k - 3. Suppose 15 + 0 = -3*o. Calculate x(o).
7
Let y = -87 - -16. Let j = -72 - y. Let w(t) = -51*t**2 + 17*t + 15. Let x(p) = 25*p**2 - 8*p - 7. Let i(g) = 6*w(g) + 13*x(g). What is i(j)?
20
Let i(b) = b**3 + 4*b**2 + 5*b - 1. Suppose -29 = -8*n + 59. Suppose n*c - 2*c + 36 = 0. Calculate i(c).
-21
Let c be (-1 - -2)*(-2 - -3). Let w(u) = u**2 - u + 1. Let n(g) = g**2 - 9*g. Let x(b) = c*n(b) - 2*w(b). Give x(-7).
-2
Let x(l) be the third derivative of -15*l**2 + 0 + 0*l - 1/6*l**3 - 1/24*l**4. Give x(-6).
5
Let j be 8 - ((-16 - (-16 + 9)) + 5). Let a(o) = 13*o**2 - 24*o - 4. Let t(i) = 7*i**2 - 12*i - 2. Let s(h) = -6*a(h) + 11*t(h). Determine s(j).
2
Let p(v) = v + 1. Let w(x) = 2*x**2 - 9*x - 15. Let t(z) = 8*p(z) + w(z). Determine t(-3).
14
Suppose l - 3*m - 7333 = 0, 9*m - 8*m = 4*l - 29277. Let b = -2 + 6. Let t(c) = c + 7319 - b*c - l. Give t(4).
-11
Let o(u) be the third derivative of 3*u**5/20 + 5*u**4/24 + 3*u**3/2 + 7*u**2 - 142*u. Calculate o(-2).
35
Let k(v) = -2*v**3 - v**2 - v + 1. Let d(t) = -13*t**3 - 10*t**2 + 3*t - 7. Let w(h) = -d(h) + 6*k(h). Determine w(-6).
-5
Let w(x) = 7*x + 2. Let f(m) = 5*m + 13. Let s(j) = 2*j + 4. Let p(l) = -3*f(l) + 8*s(l). Let z be p(12). Suppose 0 = -z*n + 3*n - 4. Give w(n).
-12
Let g(n) be the second derivative of 19*n**3/6 - 153*n**2/2 - 6067*n. Determine g(8).
-1
Let j(k) = -3*k**2 - k - 3. Let i(w) = w. Let t(p) = -4*i(p) - j(p). Let d be ((-2)/30 - 5/15)*-5. Calculate t(d).
9
Let a = -3790 - -3793. Let p(k) = -k**2 + 2*k - 1. Calculate p(a).
-4
Let h(i) = 4*i - 69. Suppose 5*l = -m + 40, -5*m + 4*l - 510 + 594 = 0. Determine h(m).
11
Let p be (70/(-4) - -16)*(-8)/3. Let x(f) = -f + 1. Let t(s) be the first derivative of -s**2/2 + s - 3. Let d(g) = -4*t(g) + 5*x(g). Determine d(p).
-3
Let p(y) = -24 - 89 + 28*y - 62 + 8 - 27. Determine p(7).
2
Let s(c) = -c**3 + 10*c**2 - 17*c + 5. Let i be s(7). Suppose -i*w - 536 = -29*w. Let l = w - -134. Let m(f) = -f - 6. Calculate m(l).
-6
Let v(y) = 2*y**3 + 6*y**2 + 30*y + 69. Let b be v(-3). Let x(r) = r + 1. Determine x(b).
-20
Let d(f) be the third derivative of -37*f**6/60 - f**5/20 - f**4/6 - f**3/3 - 6*f**2 + 88*f. Give d(-1).
73
Let t(h) = 2*h + 5. Let f(d) = 15*d + 40. Let b(c) = 3*f(c) - 25*t(c). Let p be 4/(-10)*5 - 1*3. Calculate b(p).
20
Let p(g) = 109*g + 51 - 127*g - 35 + 0*g**3 + 18*g**2 - g**3. What is p(17)?
-1
Let j be (1 + 14)*2/6. Let q(x) = -2*x**3 + x**2 + 4. Suppose -45 = 10*m - 25*m. Let z(k) = k**3 - 2*k**2 - 1. Let r(y) = m*z(y) + q(y). Calculate r(j).
1
Let w(j) = j - 12. Let x(b) = -3*b**3 + 176*b**2 + 57*b + 118. Let c be x(59). Give w(c).
-12
Let d(s) = -5041 - s + 2520 + 2516. Let l be (-22)/6 - 2/(-3). Let f be (l/1)/(6/8). Calculate d(f).
-1
Let h(q) = q**2 - 5*q + 3. Suppose -z = 3 - 0. Suppose 30 - 1 = -4*i + s, 0 = -4*i + 5*s - 49. Let v be (-16)/z - i/9. Calculate h(v).
9
Let a = 569 + -562. Let u(m) = -5*m**3 + 2*m**3 + 5*m**3 - a*m**2 + m + 16*m**2 - 15*m**2. Calculate u(4).
36
Let q(r) = -r - 6. Let m(f) = -32*f + 17. Let t be m(3). Let i = t - -78. Let u be (i - -1) + -4 + -2. Give q(u).
0
Let p be (2/18)/(-1*15/270). Let j(i) = 2*i + 5*i**2 + 1 + 3 - i. Let x(u) = -u**2 - 1. Let r(b) = 2*j(b) + 9*x(b). Determine r(p).
-1
Let a = 58 + -53. Let c = a + -3. Suppose 5*x - s = -14, -4*s - 8 = 2*x - c*s. Let l(z) = -z**3 - z**2 + 5*z + 4. Calculate l(x).
7
Let x(w) = -27*w + 58*w - w**2 - 15*w + 6. What is x(17)?
-11
Let d(w) = -2*w**2 + 5. Let j(h) = h**2 - h - 2. Let m(s) = -6*d(s) - 13*j(s). What is m(13)?
-4
Let v(w) = -w**3 - 13*w**2 + 14*w - 9. Let s = -107 - -163. Suppose -r + s - 62 = -4*m, -5*r = -2*m + 66. Calculate v(r).
-9
Let m = -5963 + 5953. Let x(w) = -2*w - 8. Give x(m).
12
Suppose 0 = -6*r + 29*r - 138. Let q(k) = 3*k + k**2 + 8*k - r + 0*k - 10*k. Suppose l - 4*v = 2*l, 4*l = v. Give q(l).
-6
Let u(y) be the third derivative of -y**7/840 - y**6/90 + y**5/20 + y**4/24 - 41*y**3/6 - 21*y**2. Let f(h) be the first derivative of u(h). Calculate f(-5).
-4
Let c(a) = 2*a + 5. Let n(q) = -26*q - 30*q + 57*q + 5 + 1. Let t(k) = 3*c(k) - 2*n(k). Determine t(-3).
-9
Suppose 0 = n + 6*k - 4*k - 13, -k = -3*n + 4. Let t(j) = -j**n + 6*j**2 + 10 + j**2 + 1 - 6 + 8 - 6*j. Determine t(6).
13
Let w(s) = s**2 - 8*s + 9. Let b be w(5). Let r(k) be the first derivative of k**4/4 + 5*k**3/3 - 4*k**2 - 8*k + 9. What is r(b)?
4
Suppose i + 6 = 3*z, -4*i = 4*z - 215 + 175. Let v(u) be the first derivative of -u - u**2 - 1/4*u**4 + 2/3*u**3 - i. Give v(2).
-5
Let a(z) = 2*z**3 - 8*z - 11724 - 25*z + 61*z**2 + 11676. What is a(-31)?
14
Let g(z) = 3*z**3 - z**2 - 2*z + 1. Let h(u) = u**2 + 46*u - 12. Let b be h(-46). Let k be (-3 - 4/(-8)) + (-6)/b. Determine g(k).
-23
Let l(m) = -16*m - 110. Let p be l(-7). Let n(c) = -54*c**2 - 6 + 55*c**2 + 7 + p*c. Calculate n(-4).
9
Let k = 94 - -16. Suppose -15*u = -4*u + k. Let v(z) = z**2 + 9*z - 5. Determine v(u).
5
Let s(n) = n**2 - 11*n + 7*n + 1898 - 1908. Let l be -38*(-1)/5 + (-15)/25. What is s(l)?
11
Let x(m) = -9*m**2 + 8*m - 186. Let j(r) = -11*r**2 + 8*r - 236. Let n(w) = -4*j(w) + 5*x(w). Let z = 26 - 16. Give n(z).
-6
Suppose -11*a - 5*a = -18*a. Let s(h) = -h - 309*h**3 + 155*h**3 + 153*h**3 - h**2 + 1. What is s(a)?
1
Let b(i) = 3*i**2 + i**2 + 6*i - 2*i**2 - 7. Let d = 1274 + -1827. Let y = -558 - d. Calculate b(y).
13
Let v(l) = l**3 - 6*l**2 - 7*l + 6. Let b(x) = 6*x**2 + x. Let a be (-192)/(-84) + (-2)/7. Suppose -n = -2 - 3, a*n = -3*c + 13. Let p be b(c). Give v(p).
6
Suppose -2*p - 21 = -3*k, 11*k - 3*p = 10*k. Suppose 2*n + k - 49 = 0. Let m(r) = -2*r + 44. What is m(n)?
4
Let o(j) = -5*j + 83. Suppose 0 = -2*f - 3*h + 20, 3*f + 932 - 964 = -4*h. Determine o(f).
3
Let y(h) = 67 - 4*h**2 + 2*h**2 + 1213*h - 1262*h. Calculate y(-26).
-11
Suppose 0 = 4*p - 5*t + 21, -9*t + 6*t = -p - 14. Let u be (-6 - (-1 - (p - -2))) + 1. Let n be u*(-2)/(-2) - (-1 - -3). Let i(m) = -3*m - 2. Calculate i(n).
7
Let l(t) = -1 - 30*t + 12*t + 4*t - 4*t + 4*t. Determine l(2).
-29
Let m(w) = 81*w + 1. Suppose -66*x + 62*x + 7 = -3*z, z + 1 = 0. Determine m(x).
82
Let z = 60 + -55. Let v(u) = -5*u - 5. Let r(t) = -3*t - 3. Suppose 2*h = 3*k - 2, 0 = 3*k - 4*k + 2*h - 6. Let c(w) = k*v(w) - 7*r(w). Give c(z).
6
Let i(g) = -g**3 - g**2 + 3*g + 2. Let l be 16/(-10)*5/2. Let y be (-68)/(-51)*(-9)/l. Suppose 0 = -5*m + m - y*h - 11, m + 4*h = -6. Calculate i(m).
0
Let n(r) = -14*r + 54*r - 14*r - 14*r. Let t(h) = -7*h. Let f(l) = -5*n(l) - 8*t(l). What is f(1)?
-4
Let d(o) = o**3 + 6*o**2 + 5*o + 9. Let c be d(-5). Let m(g) = -c*g - g**3 - 10*g**2 + 458 - 464 - g. What is m(-9)?
3
Let g(p) = -p**2 + 999*p - 16698. Let d be g(17). Let u(r) be the second derivative of -r**5/20 - 5*r**4/12 - r**3 - 2*r. Give u(d).
8
Let c(n) = 9*n**2 + n - 2. Let v(d) = -23*d - 370. Let q be v(-16). What is c(q)?
32
Let y(m) = 12*m - 16. Let l(a) = 55*a + 13. Let n(w) = 19*w + 5. Let g(f) = -6*l(f) + 17*n(f). Let k(v) = -5*g(v) - 3*y(v). Determine k(10).
3
Let q(n) = n**3 - 7*n**2 - n - 1. Let j(b) = -3*b**3 + 17*b**2 + 3*b + 3. Let s(a) = 2*j(a) + 5*q(a). Determine s(0).
1
Let h(v) = v**2 + v - 1. Let d(g) be the third deriv